Suppose -4*j = o - 24, -2*o + 15 = 2*j - 3. Suppose 7*c - o*c = 609. Is c composite?
True
Let n = -65 - -97. Suppose 2*p + 3*q - n = -7, 4*p - 48 = -4*q. Let y(u) = 2*u + 13. Is y(p) a composite number?
True
Suppose 2*n + 48 = 2*b - 2*n, -n - 42 = -2*b. Suppose b = -5*f, 2*r + 2*r - 3*f - 640 = 0. Is r a prime number?
True
Let a(c) = -2*c + 9. Let x(v) = 5*v - 28. Let j(f) = -8*a(f) - 3*x(f). Let l be j(-4). Suppose l*o - 1065 = 3*o. Is o prime?
False
Suppose -2*u - 16 = -5*b - 4, 1 = -3*u - b. Let o be u/4 - (-77)/(-28). Is ((-1228)/12)/(1/o) a prime number?
True
Suppose 17*b + 5824 = 18*b - 3*k, 0 = -3*b - 2*k + 17461. Is b a prime number?
True
Suppose -3*q + 2128 = j, 2*q = -2*j + 2952 + 1320. Let s = j - 1275. Is s composite?
True
Let g(c) = 12*c - 2. Let v be g(-1). Let h(s) = -s**3 - 7*s**2 + 6*s - 29. Is h(v) a prime number?
True
Let g(y) = -67*y + 12. Let r(d) = -34*d + 6. Let h(a) = -3*g(a) + 5*r(a). Let x be h(-5). Is -3 - -1 - x - 0 composite?
True
Is -3 + 32/(-8) - -1926 a composite number?
True
Suppose -26 = -4*v + 2*y, 4*v - v - 2*y - 21 = 0. Suppose -4*h + 2*h = -c - 203, -v*c = -3*h + 1022. Let m = 241 - c. Is m prime?
False
Let l(t) = 71*t**2 - 10*t + 43. Is l(8) prime?
True
Suppose -5*m = 3*b + 162 - 2597, 2*b - 2435 = -5*m. Is m a composite number?
False
Let o(l) = 62*l + 24*l + 11 + 14. Is o(6) a composite number?
False
Suppose 5*o - 3*o - 2455 = 3*x, 2*o - 5*x - 2457 = 0. Suppose 0 = -3*a + o + 1651. Is a a composite number?
True
Is ((-23935)/10 + 2)/(9/(-18)) a composite number?
False
Let n(l) = -l**2 - 21*l - 41. Let k be n(-19). Is (k + 1)/(-3 + (-4431)/(-1479)) a composite number?
True
Let y(v) = 27 - 21*v + 0*v + 26. Is y(-24) a prime number?
True
Is 448830/14 - 100/350 prime?
True
Suppose 17*m - 28*m = -156673. Is m a prime number?
True
Let j(z) be the first derivative of 100*z**2 - 9*z - 16. Is j(19) prime?
False
Let h = -48 + 95. Suppose 0 = -5*i - 4*o + h, i - 3 = -3*o + 2. Is i composite?
False
Let h be ((-30)/45)/(2/(-6)). Is (-7116)/(-16) - h - (-3)/12 a prime number?
True
Suppose -l + 4490 = l. Suppose 4 = -2*u - 0*u, -l = -3*c - 4*u. Is c composite?
False
Let a(m) = -m**2 - 8*m + 5. Let f be a(-8). Suppose -2*w + 76 = -5*q + q, -78 = -2*w + f*q. Is w a composite number?
True
Suppose -5*n - 1806 = 1624. Let x = n - -1939. Is x composite?
True
Suppose 7*w = -5*w + w. Suppose -2*q - 3*g + 15 = 2*q, 3*q + 4*g = 13. Suppose q*f - 3639 = -w*f. Is f prime?
True
Let q = -450 - -982. Let x = q - 331. Is x a prime number?
False
Suppose -7 = -x - 2. Suppose 2*w + 3351 = x*w. Is w a composite number?
False
Let i(w) be the first derivative of w**4/4 + w**3/3 - w**2/2 + 4*w - 12. Is i(5) composite?
False
Suppose 8097 = -11*f + 95074. Is f prime?
True
Let j(l) = -10*l + 31. Let h be j(13). Let r = -20 - h. Is r a composite number?
False
Let b be 239/(-2)*(8 + -6). Let m = -112 - b. Is m a prime number?
True
Let o be (-92)/5*30/(-4). Let a = o + -43. Let s = 238 - a. Is s composite?
True
Let v be 12589 + (3 - 2) + -5. Suppose r = -2*b - 4*r + 8404, -3*r - v = -3*b. Is b prime?
False
Let v(l) be the first derivative of -l**4/4 + 17*l**3/3 - l**2/2 - 17*l + 2. Is v(14) composite?
False
Let w(u) = u**2 - 2*u + 6. Let n be w(4). Suppose 4*p - 6 = 3*p + 4*m, -2*m - 4 = 0. Is ((-2905)/n)/(1/p) prime?
False
Let x be (-81)/(-36) - (-3)/4. Suppose -x*s + 1 = -5. Suppose s*p - 6*r - 261 = -r, 4*r - 4 = 0. Is p a prime number?
False
Let i(g) = 3*g + 22. Let m be i(-12). Let k be (72/m)/(34/(-5593)). Suppose 2*w - k = -4*w. Is w prime?
False
Let o = 2324 - 813. Is o composite?
False
Let a = 329 + 207. Let m(x) = -x**3 - 4*x**2 - 5*x - 2. Let g be m(-3). Suppose -p = -g*l + 259 + a, 0 = 4*l - 3*p - 793. Is l a prime number?
True
Suppose -3*k - 15 = 0, -10*k - 18900 = -2*r - 8*k. Is r a prime number?
False
Let q = 17 - 21. Let l(p) = -p**2 - 6*p - 6. Let g be l(q). Is ((-5)/2 + g)*-28 a composite number?
True
Let a(n) = -301*n**3 - 4*n**2 + 20. Is a(-3) a composite number?
False
Suppose 4*y = j - 0*j - 1527, 4*j = 5*y + 6119. Is j a composite number?
False
Let x(w) = 4 + 543*w + 841*w - 3. Is x(1) a composite number?
True
Suppose 10*h - 4*h + 5826 = 0. Let p = 1468 + h. Is p a composite number?
True
Suppose 5*f - 71 = 2*t + 95, -t - 3*f - 105 = 0. Let v = 256 + t. Is v prime?
True
Let l = -2669 + 4641. Suppose -4*f + l = 284. Is f a composite number?
True
Let g = 5473 + -794. Suppose 0 = 3*d + 2*n - g, 5*d = 2*d - n + 4681. Is d a composite number?
True
Let b(r) = r**3 + 10*r**2 + 4*r + 8. Let t be b(-6). Let l = t + -10. Suppose 5*m - l = -4*w + 139, -5*m + w = -267. Is m prime?
True
Let z(a) = -a**2 + 24*a + 28. Let u be z(25). Suppose u*o = -3*s + 2523, s - 2*s + 841 = 3*o. Is s a prime number?
False
Suppose 2*w = 5*w - 4*o - 32, 5*w - 10 = -2*o. Suppose 2*f = -4, w*f - 1615 = -4*h + h. Is h a prime number?
True
Suppose 2*w = 2*x + 29944, 4*w + 15*x - 13*x - 59882 = 0. Is w a composite number?
True
Let v(f) be the first derivative of 23*f**5/30 + f**4/24 - 2*f**2 + 9. Let c(b) be the second derivative of v(b). Is c(-5) a composite number?
True
Let g(t) = t**3 + 18*t**2 - 6*t - 18. Let h be g(-18). Suppose -h - 34 = -4*q. Is q a composite number?
False
Suppose 2*a + 3*k - 49426 = 0, -3*a - 5*k - 9492 + 83633 = 0. Is a a prime number?
False
Let o(z) = 5*z**3 - z + 1. Let v be o(1). Suppose 2*q + 2*p - 245 = v*p, -3*p = q - 100. Is q prime?
False
Let t = -1705 - -2982. Is t a composite number?
False
Suppose -l = -7 - 7. Let w(i) = -i**2 + 12*i**3 + 2*i + l*i**3 + 2 - 31*i**3. Is w(-2) a composite number?
True
Suppose 90694 = 9*u - 44855. Is u a composite number?
False
Let x = 319 + -163. Is (8 + -5)*(0 - -1) + x a prime number?
False
Suppose -10 = -j - 2*z, 4*j - 46 = -6*z + 4*z. Suppose -7*p = -j*p + 55. Is (2 - 33)/(p/(-187)) prime?
False
Suppose 2*h + 4*h = 216. Let j(a) = -a**3 + 14*a**2 + a + 13. Let o be j(15). Let p = h - o. Is p composite?
False
Suppose -6*w + 23051 = -18535. Is w composite?
True
Let k(r) = -r + 1325. Let a be k(0). Suppose 2*y + 1333 = 3*w - 2*y, 0 = 3*w - 2*y - a. Is w composite?
False
Let r = 7417 - 2532. Is r a composite number?
True
Suppose -10767 = -12*t + 5565. Is t prime?
True
Let q(d) = -68*d - 9. Let l(v) = -34*v - 5. Let y(k) = 9*l(k) - 4*q(k). Is y(-3) prime?
False
Let o(h) = -112*h - 4. Suppose -4 = v - 1. Let c be o(v). Let b = c - 73. Is b a composite number?
True
Let b = 111142 - 70433. Is b a composite number?
False
Suppose 10476 + 3664 = 10*m. Let u = m + -740. Is u composite?
True
Suppose -2011 - 11 = -6*u. Is u prime?
True
Suppose -3*z + 159624 = -5*g, -53216 = -z + 13*g - 14*g. Is z prime?
False
Let s(w) = 315*w - 2. Let l = -75 - -82. Is s(l) composite?
False
Suppose 5*g - 2*o - 332 = 7596, -4*g + 2*o = -6342. Let x = 3735 - g. Is x composite?
True
Let r(p) = 52*p**2 - 40*p + 25. Is r(12) a prime number?
False
Let i = -9245 - -17908. Is i prime?
True
Suppose -2*k + 15878 + 28808 = 0. Is k a composite number?
False
Let a(f) = 8*f - 14. Let w(j) = 1. Let s be 1*1*4/(-4). Let b(o) = s*a(o) + w(o). Is b(-8) a prime number?
True
Let r(i) be the first derivative of 5*i**2 + 13*i + 6. Let o be r(15). Let g = o - -58. Is g prime?
False
Suppose -c - m = -51873, -c + 82*m - 84*m = -51873. Is c a prime number?
False
Let i(a) be the third derivative of 49*a**5/30 - a**4/12 + a**3/6 + a**2. Is i(4) a prime number?
False
Let n(f) = 6*f**2 - f - 1. Let r be n(-1). Let j(v) be the first derivative of 35*v**2 - v - 2. Is j(r) composite?
False
Let q(a) = 839*a + 5. Is q(6) composite?
False
Let t(n) = n**3 - 7*n**2 + 7*n - 3. Suppose 0 = -u + 3*k + 3, 2*u + u - 22 = -4*k. Let d be t(u). Suppose -x - d*x = -56. Is x composite?
True
Suppose -5*g - 17 - 3 = 0, 4*g + 11693 = i. Is i composite?
False
Let h = -252 - -1621. Is h composite?
True
Let m = -142 - -45. Let u = m + 200. Suppose -3*h + 2*s = -u, h - 49 = -0*h - 3*s. Is h composite?
False
Suppose 0 = -j + 2*t + 66 + 23, 3*j + 4*t - 277 = 0. Is j a prime number?
False
Let z(j) = -1. Let n(s) = 112*s - 35. Let a(u) = n(u) + 6*z(u). Is a(6) a prime number?
True
Suppose -2*k = -4*a - 18, -2*k + 4*a = 2*a - 14. Suppose k*t - 455 = 8*x - 3*x, -95 = -t - x. Is t composite?
True
Is 36/(-27)*(-256116)/16 prime?
False
Let z be (-130)/(-4) + (-3)/6. Suppose 4*n = 2